003 + 22?
2324214030
In base 12, what is 210 - -452581?
452791
In base 9, what is 33000 + 24?
33024
In base 6, what is 3 - 5000205?
-5000202
In base 5, what is -112144 + -1441?
-114140
In base 16, what is -7282047 + 2?
-7282045
In base 3, what is -20 - -111021021111200?
111021021111110
In base 7, what is 1 + -1203422124?
-1203422123
In base 3, what is 1000111212222000212 + 12?
1000111212222001001
In base 2, what is 1001 + 11011100100000000000010001?
11011100100000000000011010
In base 7, what is 126526 - -6?
126535
In base 10, what is 3 - -35549498?
35549501
In base 8, what is -6670453 - 5?
-6670460
In base 16, what is -16 + -132e1?
-132f7
In base 11, what is 12304 - -66?
1236a
In base 13, what is 34c412b + -4?
34c4127
In base 10, what is -81749 - 5?
-81754
In base 7, what is -1535610 + -10?
-1535620
In base 11, what is -1517 + -4326?
-5842
In base 9, what is 533 + 65080?
65623
In base 14, what is -195dc1 - -18?
-195da7
In base 10, what is 4207 + 2446?
6653
In base 12, what is -891b58bb + -4?
-891b5903
In base 14, what is -37 - -1ad88?
1ad51
In base 9, what is 14563 - 56102?
-41428
In base 8, what is 3454470 + 2742?
3457432
In base 3, what is 2000222020 + 101022?
2001100112
In base 10, what is 9 - 3852230?
-3852221
In base 6, what is 21041 - -13212?
34253
In base 15, what is 6 + 956847?
95684d
In base 8, what is -56603711 + -2?
-56603713
In base 12, what is 107540 - 278a?
104972
In base 5, what is -311010043 + -2?
-311010100
In base 5, what is 30121 + 23330?
104001
In base 2, what is -1000101111 + -1000101111100001?
-1000111000010000
In base 11, what is 450422 + 27?
450449
In base 8, what is -17 + -2061606?
-2061625
In base 8, what is 1 + 620334201?
620334202
In base 3, what is 22212010010010 - -10?
22212010010020
In base 5, what is 3 - 1130203321?
-1130203313
In base 6, what is 1 + 1351334155?
1351334200
In base 6, what is -52 + 1351201?
1351105
In base 11, what is 2795a + -8a67?
199a3
In base 7, what is -61 - 4566501?
-4566562
In base 10, what is -33419926 - -1?
-33419925
In base 14, what is -1 + -87c80b6?
-87c80b7
In base 4, what is -23 - 122011221212?
-122011221301
In base 8, what is 63256630 + -12?
63256616
In base 7, what is 4 + -344144203?
-344144166
In base 16, what is 2 + e6e319?
e6e31b
In base 14, what is -995 - 19c?
-b53
In base 8, what is 27226064 - 4?
27226060
In base 9, what is 636506732 + -3?
636506728
In base 11, what is 612 - -22a899?
230400
In base 14, what is -2 - 99db964?
-99db966
In base 9, what is -424 - -7767?
7343
In base 13, what is b1477 + -18c?
b12b8
In base 4, what is -11 - 12023120031223?
-12023120031300
In base 15, what is 50c4c6b7 - -3?
50c4c6ba
In base 2, what is 11010110110 + 1001111101111010?
1010011000110000
In base 13, what is -b1 - 3858b1?
-385992
In base 2, what is -101 - 10010110110101010111111100?
-10010110110101011000000001
In base 3, what is -102100000111 - 102201?
-102100110012
In base 10, what is 1337 + 31001?
32338
In base 4, what is -112202133 - -1313212?
-110222321
In base 8, what is -430441446 - 2?
-430441450
In base 7, what is -30 + 156332632?
156332602
In base 9, what is 12 + -77247472?
-77247460
In base 10, what is -74 - -7245088?
7245014
In base 11, what is 3 - 10430728?
-10430725
In base 10, what is -7423 - -653?
-6770
In base 7, what is -525 + -156103?
-156631
In base 4, what is -3121321022 + -111?
-3121321133
In base 4, what is -2 - -2010302333133?
2010302333131
In base 10, what is -6092518 + 79?
-6092439
In base 13, what is -430 + -125b05?
-126235
In base 16, what is 1ed - 56b35?
-56948
In base 13, what is 38bc + -3492?
42a
In base 4, what is -22223311 + 2?
-22223303
In base 5, what is -4 - -20012110?
20012101
In base 2, what is -10110 - -10100110001010011001?
10100110001010000011
In base 9, what is -612270 + 118?
-612151
In base 4, what is 123030003112 + 3?
123030003121
In base 13, what is 0 - 112632?
-112632
In base 10, what is 88465 - 136?
88329
In base 14, what is 3 + 1ba4623?
1ba4626
In base 12, what is 0 - -15299a7?
15299a7
In base 7, what is -30003 + 63323?
33320
In base 16, what is -35 + 496b?
4936
In base 5, what is 213 - -2140022001?
2140022214
In base 5, what is 10124001 - -104?
10124110
In base 9, what is 183 + 1177238?
1177432
In base 7, what is -4232452 + -2133?
-4234615
In base 14, what is -30a7d8 - -45?
-30a793
In base 2, what is 111000011101000001011 - -100001?
111000011101000101100
In base 13, what is 0 - -190974?
190974
In base 11, what is -7 - -135600?
1355a4
In base 7, what is -3156216 + -1122?
-3160341
In base 5, what is 2 - 1303141044?
-1303141042
In base 16, what is -1 - b1e11?
-b1e12
In base 3, what is -11220112 - 2200102?
-21120221
In base 2, what is 10100011000100 + -1000110101110?
1011100010110
In base 13, what is 1397 + -28a02?
-27638
In base 11, what is 144 - 12487?
-12343
In base 9, what is 15213678 - 1?
15213677
In base 15, what is -874b947 + -2?
-874b949
In base 10, what is 736904157 - 1?
736904156
In base 13, what is -3b2b8808 + -5?
-3b2b8810
In base 8, what is 4 + 247577074?
247577100
In base 2, what is 11010 + -111101111101000000?
-111101111100100110
In base 5, what is -1032443220423 + 2?
-1032443220421
In base 8, what is 21707 + 11374?
33303
In base 12, what is 2 - -21?
23
In base 3, what is -101122 + -101201002201?
-101201111100
In base 14, what is -16 + -859dcd?
-85a005
In base 15, what is -3e + e69e?
e660
In base 7, what is 5 - -14546326?
14546334
In base 5, what is 1112323 + -4020?
1103303
In base 12, what is -468 + -33175?
-33621
In base 14, what is -2 - -8dc93?
8dc91
In base 11, what is -4 + -15911462?
-15911466
In base 3, what is -12 + -21101202211022100?
-21101202211022112
In base 2, what is 1000001111 + -111001011111?
-110001010000
In base 14, what is -7 - 556775?
-55677c
In base 10, what is -1 - -398499?
398498
In base 12, what is 2 + -b262ba?
-b262b8
In base 4, what is 10020300 + -1?
10020233
In base 9, what is 10 + -228562?
-228552
In base 10, what is 18539207 + 4?
18539211
In base 3, what is 100000221210010111 + -10?
100000221210010101
In base 12, what is -550 - -38240?
378b0
In base 2, what is 11000111 - -1010000011000110001?
1010000011011111000
In base 10, what is 592293 + 5?
592298
In base 12, what is -2906 - -4493?
1789
In base 10, what is -11147169 + -3?
-11147172
In base 11, what is 123710 + -1158?
122563
In base 3, what is 1200 - -1102222011110?
1102222020010
In base 14, what is 33ca09 - -5d?
33ca68
In base 14, what is 112 - 6c00da?
-6bddc8
In base 3, what is -110 + -10000112221112?
-10000112221222
In base 10, what is -107182 - 157?
-107339
In base 10, what is -417 + 147526?
147109
In base 6, what is -1250340 - -5030?
-1241310
In base 14, what is c54 - -43d4?
5248
In base 16, what is 168e876 - -5?
168e87b
In base 14, what is 0 - -22773ba?
22773ba
In base 7, what is -601 - 225445?
-226346
In base 9, what is 5842 + 17283?
24235
In base 3, what is -11112100021 - 20?
-11112100111
In base 7, what is 4113001141 - 5?
4113001133
In base 16, what is 2ad4d + a0?
2aded
In base 4, what is -23000103222 - 2033?
-23000111321
In base 15, what is -2 - dc292?
-dc294
In base 16, what is -bf1 + afb?
-f6
In base 4, what is -3 - -122131132102?
122131132033
In base 12, what is -1163a51 + 11?
-1163a40
In base 10, what is 0 - -11709186?
11709186
In base 3, what is 1011122120220 + -2011110?
1011120102110
In base 7, what is -22 + 4521361?
4521336
In base 6, what is 14504 + -12310?
2154
In base 4, what is -12320021323 - -3?
-12320021320
In base 14, what is -72d6bd + 19?
-72d6a4
In base 13, what is -215 - 516c5?
-5190a
In base 14, what is 264 + 248d?
2713
In base 5, what is 244 - 3124031?
-3123232
In base 15, what is 12e8 - 1b3b?
-843
In base 7, what is -44 + -1530112?
-1530156
In base 8, what is 16776067 - -1?
16776070
In base 12, what is -1a354 + 4686?
-1588a
In base 5, what is -12223 - -3301?
-3422
In base 2, what is -10001000010100010 - 1100010000?
-10001001110110010
In base 2, what is 11010 - -110011101011010101111100?
110011101011010110010110
In base 8, what is -17253 - 1120?
-20373
In base 5, what is -2 - -433241201?
433241144
In base 10, what is -2419 - 12203?
-14622
In base 6, what is 131234 + -332?
130502
In base 7, what is 25231 - -52352?
110613
In base 7, what is 25210306 - -241?
25210550
In base 12, what is -b1495 + 16?
-b147b
In base 13, what 